{"id":1831,"date":"2023-09-20T08:15:43","date_gmt":"2023-09-20T06:15:43","guid":{"rendered":"https:\/\/levedejeker.eu\/?page_id=1831"},"modified":"2026-02-25T16:00:43","modified_gmt":"2026-02-25T15:00:43","slug":"communicatie","status":"publish","type":"page","link":"https:\/\/levedejeker.eu\/fr\/communicatie\/","title":{"rendered":"Dans les m\u00e9dias"},"content":{"rendered":"<div data-elementor-type=\"wp-page\" data-elementor-id=\"1831\" class=\"elementor elementor-1831\" data-elementor-post-type=\"page\">\n\t\t\t\t<div class=\"elementor-element elementor-element-1fe5c9b e-flex e-con-boxed elementor-invisible e-con e-parent\" data-id=\"1fe5c9b\" data-element_type=\"container\" data-e-type=\"container\" data-settings=\"{&quot;background_background&quot;:&quot;classic&quot;,&quot;animation&quot;:&quot;fadeIn&quot;,&quot;jet_parallax_layout_list&quot;:[]}\">\n\t\t\t\t\t<div class=\"e-con-inner\">\n\t\t\t\t<div class=\"elementor-element elementor-element-bb23231 elementor-widget-mobile__width-inherit elementor-invisible elementor-widget elementor-widget-heading\" data-id=\"bb23231\" data-element_type=\"widget\" data-e-type=\"widget\" data-settings=\"{&quot;_animation&quot;:&quot;fadeInUp&quot;}\" data-widget_type=\"heading.default\">\n\t\t\t\t<div class=\"elementor-widget-container\">\n\t\t\t\t\t<h1 class=\"elementor-heading-title elementor-size-default\">Communication<\/h1>\t\t\t\t<\/div>\n\t\t\t\t<\/div>\n\t\t\t\t\t<\/div>\n\t\t\t\t<\/div>\n\t\t<div class=\"elementor-element elementor-element-e60a77c e-flex e-con-boxed e-con e-parent\" data-id=\"e60a77c\" data-element_type=\"container\" data-e-type=\"container\" data-settings=\"{&quot;jet_parallax_layout_list&quot;:[],&quot;background_background&quot;:&quot;classic&quot;}\">\n\t\t\t\t\t<div class=\"e-con-inner\">\n\t\t<div class=\"elementor-element elementor-element-12e6b64 e-con-full e-flex e-con e-child\" data-id=\"12e6b64\" data-element_type=\"container\" data-e-type=\"container\" data-settings=\"{&quot;jet_parallax_layout_list&quot;:[],&quot;animation&quot;:&quot;none&quot;}\">\n\t\t<div class=\"elementor-element elementor-element-4ceb410 e-con-full e-flex e-con e-child\" data-id=\"4ceb410\" data-element_type=\"container\" data-e-type=\"container\" data-settings=\"{&quot;jet_parallax_layout_list&quot;:[],&quot;animation&quot;:&quot;none&quot;,&quot;background_background&quot;:&quot;classic&quot;}\">\n\t\t\t\t<div class=\"elementor-element elementor-element-ec3b705 elementor-widget elementor-widget-heading\" data-id=\"ec3b705\" data-element_type=\"widget\" data-e-type=\"widget\" data-settings=\"{&quot;_animation&quot;:&quot;none&quot;}\" data-widget_type=\"heading.default\">\n\t\t\t\t<div class=\"elementor-widget-container\">\n\t\t\t\t\t<h2 class=\"elementor-heading-title elementor-size-default\">Dans les m\u00e9dias<\/h2>\t\t\t\t<\/div>\n\t\t\t\t<\/div>\n\t\t\t\t<div class=\"elementor-element elementor-element-4f30a7d elementor-icon-list--layout-traditional elementor-list-item-link-full_width elementor-widget elementor-widget-icon-list\" data-id=\"4f30a7d\" data-element_type=\"widget\" data-e-type=\"widget\" data-widget_type=\"icon-list.default\">\n\t\t\t\t<div class=\"elementor-widget-container\">\n\t\t\t\t\t\t\t<ul class=\"elementor-icon-list-items\">\n\t\t\t\t\t\t\t<li class=\"elementor-icon-list-item\">\n\t\t\t\t\t\t\t\t\t\t<span class=\"elementor-icon-list-text\"><b>Vive le Geer dans les m\u00e9dias:<\/b><\/span>\n\t\t\t\t\t\t\t\t\t<\/li>\n\t\t\t\t\t\t\t\t<li class=\"elementor-icon-list-item\">\n\t\t\t\t\t\t\t\t\t\t\t<a href=\"https:\/\/www.limburger.nl\/cnt\/dmf20230526_95255678\" target=\"_blank\" rel=\"noopener\">\n\n\t\t\t\t\t\t\t\t\t\t\t\t<span class=\"elementor-icon-list-icon\">\n\t\t\t\t\t\t\t<i aria-hidden=\"true\" class=\"fas fa-water\"><\/i>\t\t\t\t\t\t<\/span>\n\t\t\t\t\t\t\t\t\t\t<span class=\"elementor-icon-list-text\">Dagblad de Limburger - Hoe hou je het Jekerdal bij Maastricht levendig als zelfs de koe er verdwijnt?<\/span>\n\t\t\t\t\t\t\t\t\t\t\t<\/a>\n\t\t\t\t\t\t\t\t\t<\/li>\n\t\t\t\t\t\t\t\t<li class=\"elementor-icon-list-item\">\n\t\t\t\t\t\t\t\t\t\t\t<a href=\"https:\/\/www.youtube.com\/watch?v=bGLTQ6xnbhE\" target=\"_blank\" rel=\"noopener\">\n\n\t\t\t\t\t\t\t\t\t\t\t\t<span class=\"elementor-icon-list-icon\">\n\t\t\t\t\t\t\t<i aria-hidden=\"true\" class=\"fas fa-water\"><\/i>\t\t\t\t\t\t<\/span>\n\t\t\t\t\t\t\t\t\t\t<span class=\"elementor-icon-list-text\">RTV Maastricht-Spelenderwijs de toekomst van de Jeker zekerstelling <\/span>\n\t\t\t\t\t\t\t\t\t\t\t<\/a>\n\t\t\t\t\t\t\t\t\t<\/li>\n\t\t\t\t\t\t\t\t<li class=\"elementor-icon-list-item\">\n\t\t\t\t\t\t\t\t\t\t\t<a href=\"https:\/\/www.youtube.com\/watch?v=SgbENHJDFR4\" target=\"_blank\" rel=\"noopener\">\n\n\t\t\t\t\t\t\t\t\t\t\t\t<span class=\"elementor-icon-list-icon\">\n\t\t\t\t\t\t\t<i aria-hidden=\"true\" class=\"fas fa-water\"><\/i>\t\t\t\t\t\t<\/span>\n\t\t\t\t\t\t\t\t\t\t<span class=\"elementor-icon-list-text\">RTV Maastricht - Zorgen over waterkwaliteit Jeker<\/span>\n\t\t\t\t\t\t\t\t\t\t\t<\/a>\n\t\t\t\t\t\t\t\t\t<\/li>\n\t\t\t\t\t\t\t\t<li class=\"elementor-icon-list-item\">\n\t\t\t\t\t\t\t\t\t\t\t<a href=\"https:\/\/www.limburger.nl\/cnt\/dmf20230526_95255678\" target=\"_blank\" rel=\"noopener\">\n\n\t\t\t\t\t\t\t\t\t\t\t\t<span class=\"elementor-icon-list-icon\">\n\t\t\t\t\t\t\t<i aria-hidden=\"true\" class=\"fas fa-water\"><\/i>\t\t\t\t\t\t<\/span>\n\t\t\t\t\t\t\t\t\t\t<span class=\"elementor-icon-list-text\">De Limburger - Hoe houd je het Jekerdal levendig als zelfs de koe er verdwijnt?<\/span>\n\t\t\t\t\t\t\t\t\t\t\t<\/a>\n\t\t\t\t\t\t\t\t\t<\/li>\n\t\t\t\t\t\t\t\t<li class=\"elementor-icon-list-item\">\n\t\t\t\t\t\t\t\t\t\t\t<a href=\"https:\/\/www.lavenir.net\/regions\/huy-waremme\/waremme\/2023\/05\/30\/leur-objectif-rendre-leau-du-geer-potable-55U7IQ5WONEZLCCGUXBRSWUQLU\/\" target=\"_blank\" rel=\"noopener\">\n\n\t\t\t\t\t\t\t\t\t\t\t\t<span class=\"elementor-icon-list-icon\">\n\t\t\t\t\t\t\t<i aria-hidden=\"true\" class=\"fas fa-water\"><\/i>\t\t\t\t\t\t<\/span>\n\t\t\t\t\t\t\t\t\t\t<span class=\"elementor-icon-list-text\">L\u2019Avenir - Leur objectif: rendre l\u2019eau du Geer potable<\/span>\n\t\t\t\t\t\t\t\t\t\t\t<\/a>\n\t\t\t\t\t\t\t\t\t<\/li>\n\t\t\t\t\t\t\t\t<li class=\"elementor-icon-list-item\">\n\t\t\t\t\t\t\t\t\t\t\t<a href=\"https:\/\/www.sudinfo.be\/id715459\/article\/2023-09-20\/loie-gerard-un-jeu-pour-les-eleves-afin-dameliorer-lecosysteme-du-geer-en-basse\" target=\"_blank\" rel=\"noopener\">\n\n\t\t\t\t\t\t\t\t\t\t\t\t<span class=\"elementor-icon-list-icon\">\n\t\t\t\t\t\t\t<i aria-hidden=\"true\" class=\"fas fa-water\"><\/i>\t\t\t\t\t\t<\/span>\n\t\t\t\t\t\t\t\t\t\t<span class=\"elementor-icon-list-text\">Sud Info La Meuse - L\u2019oie G\u00e9rard, un jeu pour les \u00e9l\u00e8ves afin d\u2019am\u00e9liorer l\u2019\u00e9cosyst\u00e8me du Geer en Basse-Meuse<\/span>\n\t\t\t\t\t\t\t\t\t\t\t<\/a>\n\t\t\t\t\t\t\t\t\t<\/li>\n\t\t\t\t\t\t<\/ul>\n\t\t\t\t\t\t<\/div>\n\t\t\t\t<\/div>\n\t\t\t\t<\/div>\n\t\t<div class=\"elementor-element elementor-element-3e3d6a4 e-con-full e-flex e-con e-child\" data-id=\"3e3d6a4\" data-element_type=\"container\" data-e-type=\"container\" data-settings=\"{&quot;jet_parallax_layout_list&quot;:[],&quot;animation&quot;:&quot;none&quot;,&quot;background_background&quot;:&quot;classic&quot;}\">\n\t\t\t\t<div class=\"elementor-element elementor-element-43be102 elementor-widget elementor-widget-heading\" data-id=\"43be102\" data-element_type=\"widget\" data-e-type=\"widget\" data-settings=\"{&quot;_animation&quot;:&quot;none&quot;}\" data-widget_type=\"heading.default\">\n\t\t\t\t<div class=\"elementor-widget-container\">\n\t\t\t\t\t<h2 class=\"elementor-heading-title elementor-size-default\">Les documents<\/h2>\t\t\t\t<\/div>\n\t\t\t\t<\/div>\n\t\t\t\t<div class=\"elementor-element elementor-element-113a52d elementor-icon-list--layout-traditional elementor-list-item-link-full_width elementor-widget elementor-widget-icon-list\" data-id=\"113a52d\" data-element_type=\"widget\" data-e-type=\"widget\" data-widget_type=\"icon-list.default\">\n\t\t\t\t<div class=\"elementor-widget-container\">\n\t\t\t\t\t\t\t<ul class=\"elementor-icon-list-items\">\n\t\t\t\t\t\t\t<li class=\"elementor-icon-list-item\">\n\t\t\t\t\t\t\t\t\t\t<span class=\"elementor-icon-list-text\"><b>Documents utiles de Vive le Geer :<\/b><\/span>\n\t\t\t\t\t\t\t\t\t<\/li>\n\t\t\t\t\t\t\t\t<li class=\"elementor-icon-list-item\">\n\t\t\t\t\t\t\t\t\t\t\t<a href=\"https:\/\/levedejeker.eu\/wp-content\/uploads\/2023\/10\/LDJlogo-1.pdf\" target=\"_blank\">\n\n\t\t\t\t\t\t\t\t\t\t\t\t<span class=\"elementor-icon-list-icon\">\n\t\t\t\t\t\t\t<i aria-hidden=\"true\" class=\"fas fa-water\"><\/i>\t\t\t\t\t\t<\/span>\n\t\t\t\t\t\t\t\t\t\t<span class=\"elementor-icon-list-text\">Logo Leve de Jeker<\/span>\n\t\t\t\t\t\t\t\t\t\t\t<\/a>\n\t\t\t\t\t\t\t\t\t<\/li>\n\t\t\t\t\t\t\t\t<li class=\"elementor-icon-list-item\">\n\t\t\t\t\t\t\t\t\t\t\t<a href=\"https:\/\/levedejeker.eu\/wp-content\/uploads\/2023\/10\/Flessenpost.pdf\" target=\"_blank\">\n\n\t\t\t\t\t\t\t\t\t\t\t\t<span class=\"elementor-icon-list-icon\">\n\t\t\t\t\t\t\t<i aria-hidden=\"true\" class=\"fas fa-check\"><\/i>\t\t\t\t\t\t<\/span>\n\t\t\t\t\t\t\t\t\t\t<span class=\"elementor-icon-list-text\">Flessenpost <\/span>\n\t\t\t\t\t\t\t\t\t\t\t<\/a>\n\t\t\t\t\t\t\t\t\t<\/li>\n\t\t\t\t\t\t\t\t<li class=\"elementor-icon-list-item\">\n\t\t\t\t\t\t\t\t\t\t\t<a href=\"https:\/\/levedejeker.eu\/wp-content\/uploads\/2023\/10\/FlessenpostFR.pdf\" target=\"_blank\">\n\n\t\t\t\t\t\t\t\t\t\t\t\t<span class=\"elementor-icon-list-icon\">\n\t\t\t\t\t\t\t<i aria-hidden=\"true\" class=\"fas fa-check\"><\/i>\t\t\t\t\t\t<\/span>\n\t\t\t\t\t\t\t\t\t\t<span class=\"elementor-icon-list-text\">Courrier bouteille<\/span>\n\t\t\t\t\t\t\t\t\t\t\t<\/a>\n\t\t\t\t\t\t\t\t\t<\/li>\n\t\t\t\t\t\t<\/ul>\n\t\t\t\t\t\t<\/div>\n\t\t\t\t<\/div>\n\t\t\t\t<\/div>\n\t\t\t\t<\/div>\n\t\t\t\t\t<\/div>\n\t\t\t\t<\/div>\n\t\t\t\t<\/div>","protected":false},"excerpt":{"rendered":"<p>Communicatie In de media Leve de Jeker in de Media: Dagblad de Limburger &#8211; Hoe hou je het Jekerdal bij Maastricht levendig als zelfs de koe er verdwijnt? RTV Maastricht-Spelenderwijs de toekomst van de Jeker zekerstelling RTV Maastricht &#8211; Zorgen over waterkwaliteit Jeker De Limburger &#8211; Hoe houd je het Jekerdal levendig als zelfs de [&hellip;]<\/p>\n","protected":false},"author":1,"featured_media":0,"parent":0,"menu_order":0,"comment_status":"closed","ping_status":"closed","template":"elementor_header_footer","meta":{"footnotes":""},"class_list":["post-1831","page","type-page","status-publish","hentry"],"_links":{"self":[{"href":"https:\/\/levedejeker.eu\/fr\/wp-json\/wp\/v2\/pages\/1831","targetHints":{"allow":["GET"]}}],"collection":[{"href":"https:\/\/levedejeker.eu\/fr\/wp-json\/wp\/v2\/pages"}],"about":[{"href":"https:\/\/levedejeker.eu\/fr\/wp-json\/wp\/v2\/types\/page"}],"author":[{"embeddable":true,"href":"https:\/\/levedejeker.eu\/fr\/wp-json\/wp\/v2\/users\/1"}],"replies":[{"embeddable":true,"href":"https:\/\/levedejeker.eu\/fr\/wp-json\/wp\/v2\/comments?post=1831"}],"version-history":[{"count":8,"href":"https:\/\/levedejeker.eu\/fr\/wp-json\/wp\/v2\/pages\/1831\/revisions"}],"predecessor-version":[{"id":2169,"href":"https:\/\/levedejeker.eu\/fr\/wp-json\/wp\/v2\/pages\/1831\/revisions\/2169"}],"wp:attachment":[{"href":"https:\/\/levedejeker.eu\/fr\/wp-json\/wp\/v2\/media?parent=1831"}],"curies":[{"name":"wp","href":"https:\/\/api.w.org\/{rel}","templated":true}]}}

Dans les médias

<div data-elementor-type="wp-page" data-elementor-id="1831" class="elementor elementor-1831" data-elementor-post-type="page">
				<div class="elementor-element elementor-element-1fe5c9b e-flex e-con-boxed elementor-invisible e-con e-parent" data-id="1fe5c9b" data-element_type="container" data-e-type="container" data-settings="{&quot;background_background&quot;:&quot;classic&quot;,&quot;animation&quot;:&quot;fadeIn&quot;,&quot;jet_parallax_layout_list&quot;:[]}">
					<div class="e-con-inner">
				<div class="elementor-element elementor-element-bb23231 elementor-widget-mobile__width-inherit elementor-invisible elementor-widget elementor-widget-heading" data-id="bb23231" data-element_type="widget" data-e-type="widget" data-settings="{&quot;_animation&quot;:&quot;fadeInUp&quot;}" data-widget_type="heading.default">
				<div class="elementor-widget-container">
					<h1 class="elementor-heading-title elementor-size-default">Communication</h1>				</div>
				</div>
					</div>
				</div>
		<div class="elementor-element elementor-element-e60a77c e-flex e-con-boxed e-con e-parent" data-id="e60a77c" data-element_type="container" data-e-type="container" data-settings="{&quot;jet_parallax_layout_list&quot;:[],&quot;background_background&quot;:&quot;classic&quot;}">
					<div class="e-con-inner">
		<div class="elementor-element elementor-element-12e6b64 e-con-full e-flex e-con e-child" data-id="12e6b64" data-element_type="container" data-e-type="container" data-settings="{&quot;jet_parallax_layout_list&quot;:[],&quot;animation&quot;:&quot;none&quot;}">
		<div class="elementor-element elementor-element-4ceb410 e-con-full e-flex e-con e-child" data-id="4ceb410" data-element_type="container" data-e-type="container" data-settings="{&quot;jet_parallax_layout_list&quot;:[],&quot;animation&quot;:&quot;none&quot;,&quot;background_background&quot;:&quot;classic&quot;}">
				<div class="elementor-element elementor-element-ec3b705 elementor-widget elementor-widget-heading" data-id="ec3b705" data-element_type="widget" data-e-type="widget" data-settings="{&quot;_animation&quot;:&quot;none&quot;}" data-widget_type="heading.default">
				<div class="elementor-widget-container">
					<h2 class="elementor-heading-title elementor-size-default">Dans les médias</h2>				</div>
				</div>
				<div class="elementor-element elementor-element-4f30a7d elementor-icon-list--layout-traditional elementor-list-item-link-full_width elementor-widget elementor-widget-icon-list" data-id="4f30a7d" data-element_type="widget" data-e-type="widget" data-widget_type="icon-list.default">
				<div class="elementor-widget-container">
							<ul class="elementor-icon-list-items">
							<li class="elementor-icon-list-item">
										<span class="elementor-icon-list-text"><b>Vive le Geer dans les médias:</b></span>
									</li>
								<li class="elementor-icon-list-item">
											<a href="https://www.limburger.nl/cnt/dmf20230526_95255678" target="_blank" rel="noopener">

												<span class="elementor-icon-list-icon">
							<i aria-hidden="true" class="fas fa-water"></i>						</span>
										<span class="elementor-icon-list-text">Dagblad de Limburger - Hoe hou je het Jekerdal bij Maastricht levendig als zelfs de koe er verdwijnt?</span>
											</a>
									</li>
								<li class="elementor-icon-list-item">
											<a href="https://www.youtube.com/watch?v=bGLTQ6xnbhE" target="_blank" rel="noopener">

												<span class="elementor-icon-list-icon">
							<i aria-hidden="true" class="fas fa-water"></i>						</span>
										<span class="elementor-icon-list-text">RTV Maastricht-Spelenderwijs de toekomst van de Jeker zekerstelling </span>
											</a>
									</li>
								<li class="elementor-icon-list-item">
											<a href="https://www.youtube.com/watch?v=SgbENHJDFR4" target="_blank" rel="noopener">

												<span class="elementor-icon-list-icon">
							<i aria-hidden="true" class="fas fa-water"></i>						</span>
										<span class="elementor-icon-list-text">RTV Maastricht - Zorgen over waterkwaliteit Jeker</span>
											</a>
									</li>
								<li class="elementor-icon-list-item">
											<a href="https://www.limburger.nl/cnt/dmf20230526_95255678" target="_blank" rel="noopener">

												<span class="elementor-icon-list-icon">
							<i aria-hidden="true" class="fas fa-water"></i>						</span>
										<span class="elementor-icon-list-text">De Limburger - Hoe houd je het Jekerdal levendig als zelfs de koe er verdwijnt?</span>
											</a>
									</li>
								<li class="elementor-icon-list-item">
											<a href="https://www.lavenir.net/regions/huy-waremme/waremme/2023/05/30/leur-objectif-rendre-leau-du-geer-potable-55U7IQ5WONEZLCCGUXBRSWUQLU/" target="_blank" rel="noopener">

												<span class="elementor-icon-list-icon">
							<i aria-hidden="true" class="fas fa-water"></i>						</span>
										<span class="elementor-icon-list-text">L’Avenir - Leur objectif: rendre l’eau du Geer potable</span>
											</a>
									</li>
								<li class="elementor-icon-list-item">
											<a href="https://www.sudinfo.be/id715459/article/2023-09-20/loie-gerard-un-jeu-pour-les-eleves-afin-dameliorer-lecosysteme-du-geer-en-basse" target="_blank" rel="noopener">

												<span class="elementor-icon-list-icon">
							<i aria-hidden="true" class="fas fa-water"></i>						</span>
										<span class="elementor-icon-list-text">Sud Info La Meuse - L’oie Gérard, un jeu pour les élèves afin d’améliorer l’écosystème du Geer en Basse-Meuse</span>
											</a>
									</li>
						</ul>
						</div>
				</div>
				</div>
		<div class="elementor-element elementor-element-3e3d6a4 e-con-full e-flex e-con e-child" data-id="3e3d6a4" data-element_type="container" data-e-type="container" data-settings="{&quot;jet_parallax_layout_list&quot;:[],&quot;animation&quot;:&quot;none&quot;,&quot;background_background&quot;:&quot;classic&quot;}">
				<div class="elementor-element elementor-element-43be102 elementor-widget elementor-widget-heading" data-id="43be102" data-element_type="widget" data-e-type="widget" data-settings="{&quot;_animation&quot;:&quot;none&quot;}" data-widget_type="heading.default">
				<div class="elementor-widget-container">
					<h2 class="elementor-heading-title elementor-size-default">Les documents</h2>				</div>
				</div>
				<div class="elementor-element elementor-element-113a52d elementor-icon-list--layout-traditional elementor-list-item-link-full_width elementor-widget elementor-widget-icon-list" data-id="113a52d" data-element_type="widget" data-e-type="widget" data-widget_type="icon-list.default">
				<div class="elementor-widget-container">
							<ul class="elementor-icon-list-items">
							<li class="elementor-icon-list-item">
										<span class="elementor-icon-list-text"><b>Documents utiles de Vive le Geer :</b></span>
									</li>
								<li class="elementor-icon-list-item">
											<a href="https://levedejeker.eu/wp-content/uploads/2023/10/LDJlogo-1.pdf" target="_blank">

												<span class="elementor-icon-list-icon">
							<i aria-hidden="true" class="fas fa-water"></i>						</span>
										<span class="elementor-icon-list-text">Logo Leve de Jeker</span>
											</a>
									</li>
								<li class="elementor-icon-list-item">
											<a href="https://levedejeker.eu/wp-content/uploads/2023/10/Flessenpost.pdf" target="_blank">

												<span class="elementor-icon-list-icon">
							<i aria-hidden="true" class="fas fa-check"></i>						</span>
										<span class="elementor-icon-list-text">Flessenpost </span>
											</a>
									</li>
								<li class="elementor-icon-list-item">
											<a href="https://levedejeker.eu/wp-content/uploads/2023/10/FlessenpostFR.pdf" target="_blank">

												<span class="elementor-icon-list-icon">
							<i aria-hidden="true" class="fas fa-check"></i>						</span>
										<span class="elementor-icon-list-text">Courrier bouteille</span>
											</a>
									</li>
						</ul>
						</div>
				</div>
				</div>
				</div>
					</div>
				</div>
				</div>
